y y.
8
Let d(m) = 55*m**2 - 287*m - 1836. What is the remainder when d(-6) is divided by 144?
138
Suppose 14010 = -86*j + 270*j - 27390. Calculate the remainder when j is divided by 62.
39
Let a(n) be the second derivative of 1/12*n**4 + 9/2*n**2 + 23/6*n**3 - 4*n + 0. What is the remainder when 34 is divided by a(-23)?
7
Suppose -30*v + 26*v + 148 = 0. Suppose 6*r = v - 13. Suppose -175 - 370 = -r*d + 3*j, 2*d - j - 273 = 0. Calculate the remainder when d is divided by 20.
17
Let a = -265 + 402. Suppose 141*m = a*m + 200. Calculate the remainder when 247 is divided by m.
47
Let b(n) = 11*n**2 + 11*n + 49. Let x(i) = 9*i**2 + 12*i + 49. Let r(w) = 5*b(w) - 6*x(w). What is the remainder when 241 is divided by r(22)?
58
Suppose -x - 2 = -5, f = 3*x + 15. Suppose -f*r = -22*r - 4*p - 272, 4*r - 574 = -2*p. Calculate the remainder when r is divided by (12/(-9) - -1)*-87.
26
Suppose 2391 = 5*r - 4*i, 2*r + 5*i = -2*r + 1880. Suppose 6*q - 254 = -4*t, -40*t + 4*q + 352 = -35*t. Calculate the remainder when r is divided by t.
67
Suppose 21 = 2*c - h - 4*h, -2*h + 6 = 4*c. Suppose c*a - n = 139, -4*a = 4*n - 202 - 10. What is the remainder when 111 is divided by a?
15
Let t(w) = -w**3 + 6*w**2 - 5*w - 1. Let j be t(5). Let c = 18 + j. Let z(o) = -o**2 - 18*o + 515. What is the remainder when z(-32) is divided by c?
16
What is the remainder when ((-8056)/(-190))/(4/10) is divided by 31?
13
Suppose 0 = 37*b - 54*b + 3281. Suppose b*d + 56 = 201*d. Let f(n) = 11*n. Calculate the remainder when f(1) is divided by d.
4
Let s(i) = -48*i**3 - 2*i**2 + 3*i + 2. Calculate the remainder when s(-1) is divided by 7.
3
Suppose 67*t - 1170 - 4 + 35 = 0. Calculate the remainder when 1408 is divided by t.
14
Let g(o) = 4*o**2 - 157*o - 73. What is the remainder when g(41) is divided by 133?
81
Suppose 4*c = 7*c - 1296. Suppose y = -0*y + 5. Suppose 0 = -y*a + c + 483. What is the remainder when a is divided by 31?
28
Suppose 2*q = -2*q + h + 18, -2*q = -2*h - 6. Suppose q*r + 379 = 109. Let z = r - -259. What is the remainder when z is divided by 52?
49
Let v = 369 + -361. What is the remainder when 83 is divided by v?
3
Let g = -5936 + 5965. What is the remainder when 1882 is divided by g?
26
Let t be (522/(-10))/(623/70 + -9). Let d = 536 - t. What is the remainder when 202 is divided by d?
6
Let s = -3795 - -3814. What is the remainder when 113 is divided by s?
18
What is the remainder when 687 is divided by 57/((-70)/28*(0 + (-2)/5))?
3
Suppose -4*i = 0, -5*a + 75 = 2*i - i. Suppose 4*n = -n - 2*g + 54, -2*n + a = 3*g. What is the remainder when 46 is divided by n?
10
Suppose 11*b - 637 = -483. Let y(p) = -67*p. Let t be y(-2). Suppose -a = 4*g - 215, -5*a + 146 + t = 5*g. What is the remainder when g is divided by b?
11
Let x = 19520 - 19312. Calculate the remainder when x is divided by 75.
58
Let p(d) = 4*d**2 - 4*d + 22. What is the remainder when p(2) is divided by 12?
6
What is the remainder when 399 + -1 + (-159 - 13)/(-43) is divided by 12?
6
Calculate the remainder when 1196 is divided by -70*(0 + -10 + 6)/(28/24).
236
Calculate the remainder when ((-96)/10)/(22385/1400 - 16) is divided by 47.
3
Let h(t) = t**3 - 33*t**2 - 70*t + 24. Suppose 18*k + 997 - 3121 = 0. What is the remainder when k is divided by h(35)?
22
Let i(u) = u**3 - u**2 - 8*u + 20. Let w be i(2). Calculate the remainder when 10 - (-1 - -1)/(-1) is divided by (25/(-4) + 7)*w.
4
Suppose 2*g - 3*o = 5, -5*g - 2*o + 75 = 3*o. Suppose -g*c + 14*c = -60. Let y(p) = -p**2 - 23*p - 18. What is the remainder when y(c) is divided by 26?
24
What is the remainder when 1 - (-341 + 23 + -12) is divided by 154?
23
Let v(x) be the first derivative of 5*x**2/2 + 73*x - 103. Suppose 4*a + 0*a - 144 = 0. What is the remainder when a is divided by v(-12)?
10
Let v(p) = 9*p**2 + p + 1. Let t be v(-1). Suppose 52 + 236 = 12*d. Calculate the remainder when d is divided by (-13 - -16) + t + 1.
11
Let s = 43 - 39. Suppose 2*l + 2*h = -2*l + 30, -4*l + 4*h = -48. Calculate the remainder when (s/(-18))/1 + 1664/117 is divided by l.
5
Suppose 4*i = 19*n + 961, -3*i - 42*n + 666 = -38*n. Calculate the remainder when i is divided by 30.
16
Let z = -32 - -70. Suppose 8 = 6*r - 4*r. What is the remainder when z is divided by (37 - -2)*r/12?
12
Let i = 168 + -622. Let k = i + 490. What is the remainder when k is divided by 1?
0
Suppose 22 = -37*v + 41*v - 2*m, 0 = -4*v + 5*m + 37. Calculate the remainder when 114 is divided by v.
0
Let g(h) = -h**2 - 10*h + 7. Let f be g(-15). Let l = f - -85. Calculate the remainder when 132 is divided by l.
13
Let v(y) = 18*y**2 + y - 1. Let d = 5744 + -5516. Calculate the remainder when d is divided by v(2).
9
Suppose -5*d - 7268 + 7508 = 0. What is the remainder when 104 is divided by d?
8
Suppose 2*k - 18 + 8 = 0. Let o(q) = k - 23 + 13 + 13 - q. Calculate the remainder when 175 is divided by o(-8).
15
Let y be (-6)/((9/8)/3). Suppose 1632 = -55*m + 113*m - 34*m. Let j = m + y. Calculate the remainder when 102 is divided by j.
50
Let c = 12650 + -7467. Calculate the remainder when c is divided by 61.
59
Let r = -241 + 237. What is the remainder when 55 is divided by ((-3)/5)/(5/(-25)) - r?
6
Let d(j) = 507*j + 9. Calculate the remainder when (104 - -1)/(-3)*-1 is divided by d(0).
8
Suppose 490 = -4*a + 6*a - 2*y, -5*y - 741 = -3*a. Suppose -s + a = 21*s. Suppose -5*l = -10 - 20. What is the remainder when s is divided by l?
5
Let u(m) = -m**2 - 6*m + 18. Let w be (1 + 0)/(3/24*-1). Let x be u(w). Suppose 0 = -x*b + 44 - 16. Calculate the remainder when 23 is divided by b.
9
Let a(t) = -t**2 - 8*t + 23. Suppose 0 = 21*s - 19*s - 42. Calculate the remainder when a(-8) is divided by s.
2
Let j = 4265 - 4219. Calculate the remainder when 145 is divided by j.
7
Suppose -b = 18*b - 988. Suppose -31 = -3*v + 4*y + y, 29 = 5*v + 3*y. What is the remainder when 2488/b + (10/65)/1 is divided by v?
6
Let p(q) = q**3 - 2*q**3 + 0*q + 20*q + 4*q + 10*q**2 + 41. What is the remainder when 149 is divided by p(12)?
26
Suppose 1911 = 12*o + 9*o. Let p = 138 + -95. Let y = p - 19. Calculate the remainder when o is divided by y.
19
Let o(d) = -11*d**2 + 109*d + 12. Suppose -105 = -0*m - 5*m. What is the remainder when o(9) is divided by m?
18
Let f(t) = -4*t**2 + 24*t + 2. Suppose -2*x + 2*d + 0 + 8 = 0, 3*x - 8 = -d. Suppose 0 = -x*q + 29 - 14. What is the remainder when 84 is divided by f(q)?
18
Let c(r) = 2*r**2 - 20*r + 22. Let t be c(17). Suppose 0 = 4*g - t + 60. What is the remainder when g is divided by 9?
5
Let v(h) = -22*h - 2. Let w be v(-3). Suppose 0 = 5*j - 4*j + 4*s + 4, 0 = -5*j + s + w. What is the remainder when 117 is divided by j?
9
Let c(n) = -173*n - 6734. What is the remainder when c(-42) is divided by 199?
134
Suppose 2*x = q + 95 - 323, 704 = 3*q + 4*x. Suppose -8*c - 1367 + 63 = 0. Let f = q + c. What is the remainder when f is divided by 35?
34
Let c(t) = -11*t + 27. Let l = -22 + 16. Let k(a) = a + 1. Let m(o) = l*k(o) - c(o). Calculate the remainder when 26 is divided by m(8).
5
Suppose 0 = 5*o - 5*l - 290, 26*o = 30*o + 3*l - 120. Let n = 2 + -2. Suppose 0 = -n*p + 2*p - 18. Calculate the remainder when o is divided by p.
6
Let d = -19685 - -19809. Calculate the remainder when 983 is divided by d.
115
Let h = -199 + 111. Let m be 46*(11 - (14 - 0)). Let t = h - m. Calculate the remainder when 147 is divided by t.
47
Let m(x) = 6*x + 69. Let h be m(-10). Suppose h*r - 11 = 25. Calculate the remainder when (17/4)/((-1)/(-4)) is divided by r.
1
Suppose b + 5 = 2*c + c, -25 = c + 5*b. Suppose c*o + 4*o = 308. Suppose 42 = -o*f + 78*f. Calculate the remainder when 166 is divided by f.
40
Let q(o) = 2*o - 13. Let m be q(7). Let i = 15 + 2. Calculate the remainder when (395/15)/(m/3) is divided by i.
11
Suppose 23*s = 18*s + 15. Suppose s*f - 86 = -2*c, 2*f - c - 74 = -f. Suppose 3*k = -f + 56. What is the remainder when 16 is divided by k?
6
Suppose 9*j - 219 = 3*j - 3. Calculate the remainder when 789 is divided by j.
33
Let g(w) = 130*w - 585. Calculate the remainder when 2336 is divided by g(5).
61
Let s = -10 - -30. Let b be (-6)/(-16)*(-3 + 11). Suppose -b*g + s = -31. Calculate the remainder when 33 is divided by g.
16
Suppose 7*p - 2*p = g - 265, -3*g = 3*p - 849.